ided by 811619.
7
What is the remainder when 62293 is divided by 231?
154
What is the remainder when 172943340 is divided by 2703?
2697
What is the remainder when 28030397 is divided by 2294?
11
What is the remainder when 317252 is divided by 1430?
1222
Calculate the remainder when 215431444 is divided by 3899.
3896
Calculate the remainder when 86323597 is divided by 11.
8
Calculate the remainder when 49855 is divided by 4530.
25
What is the remainder when 531318 is divided by 9321?
21
What is the remainder when 2171565 is divided by 542858?
133
Calculate the remainder when 15436355 is divided by 1353.
1331
What is the remainder when 280529421 is divided by 159?
156
What is the remainder when 238074695 is divided by 23807469?
5
What is the remainder when 456756 is divided by 114157?
128
What is the remainder when 13922345 is divided by 59?
56
Calculate the remainder when 2979845 is divided by 585.
440
Calculate the remainder when 55957 is divided by 1443.
1123
Calculate the remainder when 29991488 is divided by 352841.
3
Calculate the remainder when 197015 is divided by 9381.
14
Calculate the remainder when 208221 is divided by 4358.
3395
Calculate the remainder when 27595209 is divided by 202.
191
What is the remainder when 141804 is divided by 2487?
45
Calculate the remainder when 29300 is divided by 111.
107
What is the remainder when 5607570 is divided by 1327?
995
Calculate the remainder when 21684704 is divided by 1901.
1898
Calculate the remainder when 1194835 is divided by 237.
118
Calculate the remainder when 81521 is divided by 82.
13
What is the remainder when 25057 is divided by 10838?
3381
Calculate the remainder when 2045801 is divided by 17636.
25
What is the remainder when 1044536 is divided by 16063?
441
What is the remainder when 97464 is divided by 902?
48
Calculate the remainder when 258232 is divided by 1900.
1732
What is the remainder when 3872418 is divided by 13830?
18
Calculate the remainder when 231060082 is divided by 19.
18
What is the remainder when 10270 is divided by 1252?
254
Calculate the remainder when 18646898 is divided by 535.
8
Calculate the remainder when 175952 is divided by 561.
359
Calculate the remainder when 2412358 is divided by 518.
32
Calculate the remainder when 48528341 is divided by 721.
715
What is the remainder when 151461796 is divided by 92?
80
Calculate the remainder when 563076 is divided by 1474.
8
What is the remainder when 160637130 is divided by 33?
27
What is the remainder when 80421 is divided by 1202?
1089
Calculate the remainder when 512831 is divided by 425.
281
Calculate the remainder when 2675733 is divided by 613.
601
Calculate the remainder when 388814847 is divided by 43.
32
What is the remainder when 1149848 is divided by 3795?
3758
What is the remainder when 343788 is divided by 146?
104
What is the remainder when 120022996 is divided by 89?
88
What is the remainder when 547618 is divided by 1942?
1916
Calculate the remainder when 485339 is divided by 411.
359
What is the remainder when 2391909 is divided by 681?
237
Calculate the remainder when 12510 is divided by 1302.
792
Calculate the remainder when 3131546 is divided by 266.
194
What is the remainder when 1854857 is divided by 927368?
121
Calculate the remainder when 1529545 is divided by 90.
85
Calculate the remainder when 2314 is divided by 1645.
669
What is the remainder when 22590 is divided by 1882?
6
Calculate the remainder when 367743 is divided by 356.
351
What is the remainder when 158351999 is divided by 4000?
3999
Calculate the remainder when 163995 is divided by 54594.
213
Calculate the remainder when 121311570 is divided by 2757081.
6
Calculate the remainder when 2064828 is divided by 942.
906
What is the remainder when 3748073 is divided by 28394?
65
Calculate the remainder when 56517655 is divided by 59.
21
Calculate the remainder when 5410259 is divided by 67.
9
Calculate the remainder when 273999 is divided by 1481.
14
What is the remainder when 6466902 is divided by 1616725?
2
What is the remainder when 1980351 is divided by 245?
16
Calculate the remainder when 3901877 is divided by 4835.
32
What is the remainder when 64086547 is divided by 92?
83
Calculate the remainder when 5319584 is divided by 1189.
1187
What is the remainder when 217312 is divided by 2173?
12
Calculate the remainder when 42594 is divided by 413.
55
What is the remainder when 12373088 is divided by 15219?
41
What is the remainder when 115098 is divided by 16397?
319
Calculate the remainder when 6847 is divided by 297.
16
What is the remainder when 171603 is divided by 401?
376
What is the remainder when 9631184 is divided by 433?
398
What is the remainder when 5053931 is divided by 2291?
2276
Calculate the remainder when 31888 is divided by 11084.
9720
Calculate the remainder when 44459 is divided by 84.
23
Calculate the remainder when 207602 is divided by 69193.
23
What is the remainder when 12156677 is divided by 172?
61
What is the remainder when 31787 is divided by 5276?
131
What is the remainder when 55633 is divided by 10942?
923
What is the remainder when 627350 is divided by 45?
5
Calculate the remainder when 30590 is divided by 874.
0
Calculate the remainder when 36785 is divided by 18147.
491
What is the remainder when 6711508 is divided by 4264?
4236
What is the remainder when 1066750 is divided by 22?
14
Calculate the remainder when 21982 is divided by 21.
16
Calculate the remainder when 553408 is divided by 2838.
2836
Calculate the remainder when 177063512 is divided by 11260.
12
Calculate the remainder when 35049 is divided by 3424.
809
Calculate the remainder when 2882659 is divided by 360321.
91
What is the remainder when 223645 is divided by 18596?
493
What is the remainder when 3204191 is divided by 5825?
441
Calculate the remainder when 6826894 is divided by 18.
16
Calculate the remainder when 41187 is divided by 18943.
3301
What is the remainder when 483645 is divided by 483484?
161
What is the remainder when 59726349 is divided by 19908783?
0
Calculate the remainder when 109348 is divided by 415.
203
What is the remainder when 71920367 is divided by 35960153?
61
What is the remainder when 135192083 is divided by 52?
39
Calculate the remainder when 3967793 is divided by 1983875.
43
Calculate the remainder when 66800 is divided by 2298.
158
Calculate the remainder when 788485 is divided by 31539.
10
What is the remainder when 8528509 is divided by 731?
663
What is the remainder when 1674929 is divided by 836893?
1143
What is the remainder when 75224 is divided by 333?
299
Calculate the remainder when 1067986 is divided by 12714.
10
What is the remainder when 89555398 is divided by 300?
298
Calculate the remainder when 2428279 is divided by 14.
7
Calculate the remainder when 31859 is divided by 6364.
39
What is the remainder when 918140 is divided by 1152?
1148
Calculate the remainder when 133802 is divided by 26623.
687
Calculate the remainder when 392852 is divided by 1455.
2
Calculate the remainder when 9819407 is divided by 3273116.
59
Calculate the remainder when 6088146 is divided by 1009.
849
Calculate the remainder when 172368 is divided by 86110.
148
What is the remainder when 346446 is divided by 115267?
645
Calculate the remainder when 1418525 is divided by 3803.
6
Calculate the remainder when 20508819 is divided by 338.
331
What is the remainder when 1728098 is divided by 5486?
8
Calculate the remainder when 22178319 is divided by 989.
983
What is the remainder when 1098017 is divided by 58?
19
What is the remainder when 18354067 is divided by 284?
283
Calculate the remainder when 70386 is divided by 474.
234
What is the remainder when 954309 is divided by 257?
68
Calculate the remainder when 16708 is divided by 5504.
196
Calculate the remainder when 512130 is divided by 512112.
18
Calculate the remainder when 170932 is divided by 673.
663
What is the remainder when 19282445 is divided by 2754635?
0
What is the remainder when 186861 is divided by 26662?
227
What is the remainder when 136414 is divided by 7579?
7571
What is the remainder when 1089576 is divided by 229?
223
Calculate the remainder when 2369625 is divided by 592207.
797
What is the remainder when 86914106 is divided by 28971366?
8
